 z be 4 - (80*39/(-6) + -4). Let d = z + -449. What is the tens digit of d?
7
Let a be (8 - -5) + 0 + -1. Let r = 420 + a. What is the hundreds digit of r?
4
Let i(p) = -p**3 + 14*p**2 - 7*p - 14. Suppose -4*l + 0*l + 8 = 0. Let x = 11 + l. What is the tens digit of i(x)?
6
Let g = 80 - 70. Suppose 0 = g*i + 2*i - 48. Suppose 1108 = 4*n - 0*n - i*k, -5*k = 4*n - 1135. What is the hundreds digit of n?
2
Suppose 3*s + 9 = 3*j, 0 = -3*j - 3*s - 11 + 2. Suppose j = -5*t - 6 + 16. Suppose -282 = -5*o - g, -2 = -t*g + g. What is the tens digit of o?
5
Let o(t) be the second derivative of -t**5/20 + 3*t**4/4 - t**3/6 + 6*t**2 - 3*t + 1. What is the tens digit of o(8)?
6
Let m be (6/5)/(27/180). Let y be (30/m)/((-24)/3392). What is the tens digit of (-6)/(-21) - y/7?
7
Let o be (6/(-5) - 2)/(4/530). Let y = o + 859. What is the hundreds digit of y?
4
Let d = -67 - -72. Suppose 488 = 2*i - d*v, 0 = -5*i + 3*v + 704 + 554. What is the tens digit of i?
5
Let t be -1 + 2 + (-2 - 1). Let w = -362 + 355. What is the tens digit of (-340)/(-7)*w/t?
7
Let g(d) = 230*d**3 - d**2 - 26*d + 68. What is the units digit of g(4)?
8
What is the hundreds digit of 0 - (4/(-5) + 48108/(-15))?
2
Let s = 393 + -398. Let g(x) = -2*x + 132. What is the tens digit of g(s)?
4
Suppose -5*p = 3*l - p - 47207, -8*l = p - 125866. What is the units digit of l?
3
Suppose 2*v + 49788 = 56*v. What is the hundreds digit of v?
9
Suppose -6 + 10 = 2*o. Suppose -z - 4*w + 586 = 0, 4 = w + o. What is the tens digit of z?
7
Let a = 9928 + 5960. What is the tens digit of a?
8
Let o(w) = 4*w**2 - 7*w - 10. Let m(j) = -3*j - 39. Let x be m(-14). Suppose -5*t + d = -11 + 30, 0 = -3*d - x. What is the tens digit of o(t)?
8
Let p = 201971 + -125409. What is the hundreds digit of p?
5
Let z = -281 + 1251. Let t(b) = -10*b**3 + 101*b**2 - 9*b - 3. Let l be t(10). Suppose -l*x = 158 - z. What is the units digit of x?
6
Let r = 34 + -66. Let u = r - -313. What is the hundreds digit of u?
2
Let y(c) = c**3 - 42*c**2 + 81*c - 45. Let f be y(40). Let o(t) = -2*t**3 - 4*t**2 - 11*t - 83. What is the hundreds digit of o(f)?
1
Let n(c) be the third derivative of -c**6/120 + c**5/6 - 7*c**4/24 - 2*c**3 - 13*c**2. Let l be n(9). What is the tens digit of 23 + (-6 - (3 - l))?
2
Let t(w) = 8*w - 3. Let p = 39 - 34. Suppose -3*z = -3*u - 0*u, 4*z + p*u = 27. What is the tens digit of t(z)?
2
Let k(n) = -8*n**2 + 7*n - 7. Let b be k(14). Let t = b - -3089. What is the hundreds digit of t?
6
Suppose -2 = 11*c - 12*c. Suppose -11 = -n + 5*w + 19, -c*w - 20 = -2*n. What is the tens digit of 136 + -6 - -1*(n + -1)?
3
Let a = -176 + 190. Suppose -a*j + 3527 + 4481 = 0. What is the units digit of j?
2
Let x be (1044 + 0)*((-15)/30 - -1). Suppose -u - 2*p - p = -x, 5*p = -2*u + 1043. What is the hundreds digit of u?
5
Let x(i) = -i**3 - 25*i**2 + 51*i - 391. What is the tens digit of x(-42)?
5
Let f = 2996 - 1481. What is the hundreds digit of -2*(f/(-10) + 5)?
2
Let q be (-192)/(-240)*(1 + 9). Let z(h) = 73*h - 50. What is the tens digit of z(q)?
3
Let n = -2403 - -3788. Suppose -4*w = -3*k + 447 - 1582, n = 5*w + 3*k. Suppose 12*z = 4*z + w. What is the tens digit of z?
3
What is the thousands digit of -3155*((-1185)/75 - -13)?
8
What is the ten thousands digit of ((-1441110)/(-12))/5*4/(-10)*-5?
4
Suppose t + 2*o - 1825 - 8569 = 0, 41602 = 4*t - 5*o. What is the units digit of (2 - 0)/(5 + t/(-2082))?
7
Let y = -247 + 249. Let a(p) = 199*p**2 + 13*p - 3. What is the units digit of a(y)?
9
Suppose -3*g + f = 6 + 5, -6 = 2*g - f. Let r(s) = -2*s**3 + 12*s**2 + 15*s + 16. What is the units digit of r(g)?
1
Let b(z) = -46*z + 6 - 3 + 47*z + 3*z**2 - 61*z**2. Let k be b(2). Let o = k - -382. What is the hundreds digit of o?
1
Suppose -2*q + 10857 = 4*l - 7973, -4*q - 4*l + 37688 = 0. What is the tens digit of q?
2
Let a(s) = 710*s - 137. What is the thousands digit of a(21)?
4
Suppose 0 = -4*b + 5*z - 7*z - 402, 0 = -4*b - z - 399. Let d = 9 - b. What is the tens digit of d?
0
Let g(t) = -t**2 + 3*t - 26. Let r be g(9). Let q = r - -84. Suppose s = 3*j - 440, 2*j - 183 = -q*s + 115. What is the units digit of j?
7
Let r(z) be the first derivative of -9/2*z**2 - 1/4*z**4 + 11 + 4*z**3 - 16*z. What is the units digit of r(10)?
4
Suppose -3*d - 5*r - 2 = -29, 3*r = 3*d - 3. Let w(f) = -72 + 5*f**2 - f - d*f**2 + 2*f + 91. What is the hundreds digit of w(12)?
1
Let b be 3/7 - 440/14. Let l be (0 + b)*(9 - 11). Suppose l*i - 67*i + 960 = 0. What is the units digit of i?
2
Suppose -4*j + 11264 = -0*j + 4*c, 5*j - 2*c - 14108 = 0. Suppose 11*f = 6*f + j. What is the units digit of f?
4
Let x = -30099 - -31487. What is the tens digit of x?
8
Let a = 395 - 387. What is the tens digit of a/(-4)*(-978)/4?
8
Suppose 14*k - 24156 = -30431 + 336241. What is the hundreds digit of k?
5
Let c(g) = g**3 + 4*g**2 - 3*g - 9. Let x be c(-4). Suppose 10 = x*j + 3*t - 8, 2*t + 8 = 3*j. What is the units digit of (23 - j)*(2 - -1)?
7
Let q = 32 + -28. Suppose -q*u + 1952 = c, 2*u - c - 1944 = -2*u. What is the tens digit of u?
8
What is the thousands digit of (2 - 1 - 1) + 127*24?
3
Suppose -2*c - 23*c + 94548 = -244277. What is the units digit of c?
3
Suppose 17*c - 37*c + 15500 = 0. What is the tens digit of c?
7
Suppose -f = -5*c - 924, -3784 = -4*f - c - c. Suppose 0 = 4*n - 3*v + 8*v - f, 5*n + 4*v = 1189. What is the units digit of n?
1
Suppose -5*g + 6*g = -5*r + 130, -5*r = -2*g - 115. Suppose -v - r - 3 = 5*h, h - 4*v = -14. What is the units digit of (-1165)/(-65)*2 - h/39?
6
Let v(g) = -3*g**3 + 14*g**2 + 20*g + 17. What is the hundreds digit of v(-24)?
0
Suppose -2*h - 10*h = -18084. Suppose -5*f + m = -2380, -2*m - h = -3*f - 86. What is the hundreds digit of f?
4
Let w be 60/4*(0 + (-1)/1). Let v(k) = -k**3 - 16*k**2 - 13*k + 36. Let y be v(w). Suppose y*a - 9*a + 195 = 0. What is the units digit of a?
5
Suppose 70*d - 67*d - 25638 = 0. Suppose 2*g = 4*i + 2554 + 280, -i = -6*g + d. What is the units digit of g?
5
Let t(x) be the second derivative of -x**5/4 + x**4/12 - 5*x**3/6 - 6*x. Let g be t(-4). Suppose -g = -30*c + 28*c. What is the units digit of c?
8
Let z = -100 - -72. Let f = 319 + z. What is the tens digit of f?
9
Suppose 8*v - 72 = 56. Suppose -328 = -n + l, n = -14*l + v*l + 325. What is the hundreds digit of n?
3
Let p be (30/75)/(38/20 + -2). Let a be (2/24*p)/(1/(-18)). What is the hundreds digit of 4*2/48 + 635/a?
1
Suppose 18*m + 1301120 = 82*m. What is the thousands digit of m?
0
Let z(k) = 570*k**2 - 10*k + 8. What is the units digit of z(-1)?
8
Let f = -197 + -394. Let h = -288 - f. What is the units digit of h?
3
Let n(a) = -a**2 + 11*a - 8. Let j be n(10). Suppose 6*p = j*p + 8. Suppose -l = -p*b + l, -5*b - l = -12. What is the units digit of b?
2
Suppose 10*x - 368 = 472. Suppose -v + m + 13 = -2*m, -5*v = 4*m - x. What is the tens digit of 308*((-4)/16 - (-12)/v)?
5
Suppose 0 = -3*o + 9, 10 = 4*p + 2*o - 12. What is the hundreds digit of 1235 - (p/10)/(10/(-25))?
2
Suppose 48*x - 1202878 = -11*x + 158429. What is the thousands digit of x?
3
Suppose 8*w - 553 + 1353 = 0. What is the thousands digit of (-154875)/w + 1/4?
1
Let b be (55/10 + -6)*2. Let l be (1 + 9)*3/2. Let n = b + l. What is the tens digit of n?
1
Suppose 2*p - x = 16, 2*p + x = -x + 4. Suppose 14 - p = -s. What is the units digit of ((-10)/s)/(13/156)?
5
Let h(n) = -318*n - 1737. What is the ten thousands digit of h(-121)?
3
Suppose -225*c - 14996 = -229*c. What is the units digit of c?
9
Suppose -10*q = -q - 17838. Let y = q + -1351. What is the tens digit of y?
3
Suppose 0*p - 2*p + 72 = 0. Let h be (-44)/p - -1 - 76/(-18). Suppose -4*q + 9*q + 3*n = 631, -h*n + 133 = q. What is the hundreds digit of q?
1
Suppose -5517*o = -5509*o - 226056. What is the ten thousands digit of o?
2
Suppose 5 = q, 0 = y + 18*q - 20*q - 21080. What is the units digit of y?
0
Let j be 3 + (963/(-12))/((-7)/28). Suppose -4*r - 3*n + j = -708, -r + n = -265. What is the tens digit of r?
6
Let z(u) = -u**2 + 40*u + 21. Let m be z(41). What is the units digit of (605/m)/(1/(-36))?
9
Let v(j) = -10619*j - 513. What is the ten thousands digit of v(-1)?
1
Let s = 615 + 3915. What is the units digit of s?
0
Suppose -48 = -2*d + 832. Suppose -10*p = -0*p + 5*p 